{"id":297,"date":"2025-08-13T00:49:01","date_gmt":"2025-08-12T22:49:01","guid":{"rendered":"https:\/\/clairef89fe333fa9-mzbfk.wordpress.com\/?page_id=297"},"modified":"2026-01-20T11:08:40","modified_gmt":"2026-01-20T11:08:40","slug":"a-propos","status":"publish","type":"page","link":"https:\/\/www.tempscacree.be\/?page_id=297","title":{"rendered":"A propos"},"content":{"rendered":"\n<h3 class=\"wp-block-heading has-text-align-center has-accent-color has-text-color has-link-color wp-elements-580bec2ed41d31ef1b7eef727749c9ce\"><strong>Claire Feyens<\/strong><\/h3>\n\n\n\n<div class=\"wp-block-media-text alignwide is-stacked-on-mobile is-image-fill-element\" style=\"grid-template-columns:30% auto\"><figure class=\"wp-block-media-text__media\"><img loading=\"lazy\" decoding=\"async\" width=\"1024\" height=\"964\" src=\"http:\/\/www.tempscacree.be\/wp-content\/uploads\/2025\/08\/photo-creditee-1-1024x964.png\" alt=\"\" class=\"wp-image-559 size-full\" style=\"object-position:50% 50%\" srcset=\"https:\/\/www.tempscacree.be\/wp-content\/uploads\/2025\/08\/photo-creditee-1-1024x964.png 1024w, https:\/\/www.tempscacree.be\/wp-content\/uploads\/2025\/08\/photo-creditee-1-300x282.png 300w, https:\/\/www.tempscacree.be\/wp-content\/uploads\/2025\/08\/photo-creditee-1-768x723.png 768w, https:\/\/www.tempscacree.be\/wp-content\/uploads\/2025\/08\/photo-creditee-1.png 1171w\" sizes=\"auto, (max-width: 1024px) 100vw, 1024px\" \/><\/figure><div class=\"wp-block-media-text__content\">\n<ul class=\"wp-block-list\">\n<li class=\"has-accent-color has-text-color has-link-color wp-elements-3280edba9b793290bb5053c8b5b04802\"><strong>Psychologue clinicienne<\/strong> (UCL) depuis 2011.<\/li>\n\n\n\n<li class=\"has-accent-color has-text-color has-link-color wp-elements-398c236c176b8084eb3a43f5eb7938f7\">Pratiquant la <strong>m\u00e9ditation<\/strong> et la <strong>pleine conscience<\/strong> (Cycle MBSR &#8211; Emergences) depuis 2016.<\/li>\n\n\n\n<li class=\"has-accent-color has-text-color has-link-color wp-elements-d17e6ccc49bcb4b93047b74ae7c56d3e\">Utilisant des techniques issues de la <strong>th\u00e9rapie humaniste<\/strong> et des outils d\u2019<strong>intelligence collective<\/strong> (D\u00e9clic en PerspectivES) depuis 2017.<\/li>\n\n\n\n<li class=\"has-accent-color has-text-color has-link-color wp-elements-061f24fd7e433657095b9fddf24ba176\">Form\u00e9e aux <strong>th\u00e9rapies<\/strong> et interventions <strong>syst\u00e9miques<\/strong> institutionnelles et familiales (Foresti\u00e8re ASBL) depuis 2018.<\/li>\n\n\n\n<li class=\"has-accent-color has-text-color has-link-color wp-elements-6a7875e3917be225291689a676d542bd\">Ayant de l&rsquo;exp\u00e9rience dans la <strong>facilitation <\/strong>et la gestion de <strong>dynamiques de groupe<\/strong> (Tiers-lieu Les 4 Sources et activit\u00e9s associ\u00e9es) depuis 2019.<\/li>\n\n\n\n<li class=\"has-accent-color has-text-color has-link-color wp-elements-230e39c049b642c6af6b7dc696e2d3ce\">Form\u00e9e au <strong>Jeu du Tao<\/strong> (Universit\u00e9 du Nous) depuis 2024.<\/li>\n<\/ul>\n<\/div><\/div>\n\n\n\n<p class=\"has-accent-color has-text-color has-link-color wp-elements-3970d35e484ee6a1978ba6501451d35e\">Je crois qu\u2019il est fondamental de cr\u00e9er des espaces o\u00f9 exp\u00e9rimenter et vivre d\u2019autres fa\u00e7ons d\u2019\u00eatre \u00e0 soi, aux autres et au Vivant.<br><br>Oser se rencontrer soi et les autres authentiquement, en profondeur, permet d&rsquo;\u00catre pleinement et de se donner \u00e0 voir tel que nous sommes r\u00e9ellement. Ce socle constitue une base solide pour cr\u00e9er un monde port\u00e9 par des relations constructives au sein duquel chacun\u00b7e puisse trouver sa place et offrir son plein potentiel.<\/p>\n\n\n\n<hr class=\"wp-block-separator has-alpha-channel-opacity\"\/>\n\n\n\n<h5 class=\"wp-block-heading has-accent-color has-text-color has-link-color has-normal-font-size wp-elements-4cd79940735822210066937de374a9e8\"><strong>R\u00e9f\u00e9rences administratives :<\/strong><\/h5>\n\n\n\n<p class=\"has-text-align-left has-accent-color has-text-color has-link-color has-normal-font-size wp-elements-dbcbffc441d4e5e65424fdaa262bf33e\">Visa de psychologue clinicienne du SPF Sant\u00e9 publique : 469995<br>Commission des psychologues : 872211552<br>Agr\u00e9ment Psynam : demande en cours<br>N\u00b0 d&rsquo;entreprise : 0725.908.705<\/p>\n","protected":false},"excerpt":{"rendered":"<p>Claire Feyens Je crois qu\u2019il est fondamental de cr\u00e9er des espaces o\u00f9 exp\u00e9rimenter et vivre d\u2019autres fa\u00e7ons d\u2019\u00eatre \u00e0 soi, aux autres et au Vivant. Oser se rencontrer soi et les autres authentiquement, en profondeur, permet d&rsquo;\u00catre pleinement et de se donner \u00e0 voir tel que nous sommes r\u00e9ellement. Ce socle constitue une base solide [&hellip;]<\/p>\n","protected":false},"author":1,"featured_media":0,"parent":0,"menu_order":0,"comment_status":"closed","ping_status":"closed","template":"","meta":{"footnotes":""},"class_list":["post-297","page","type-page","status-publish","hentry"],"_links":{"self":[{"href":"https:\/\/www.tempscacree.be\/index.php?rest_route=\/wp\/v2\/pages\/297","targetHints":{"allow":["GET"]}}],"collection":[{"href":"https:\/\/www.tempscacree.be\/index.php?rest_route=\/wp\/v2\/pages"}],"about":[{"href":"https:\/\/www.tempscacree.be\/index.php?rest_route=\/wp\/v2\/types\/page"}],"author":[{"embeddable":true,"href":"https:\/\/www.tempscacree.be\/index.php?rest_route=\/wp\/v2\/users\/1"}],"replies":[{"embeddable":true,"href":"https:\/\/www.tempscacree.be\/index.php?rest_route=%2Fwp%2Fv2%2Fcomments&post=297"}],"version-history":[{"count":11,"href":"https:\/\/www.tempscacree.be\/index.php?rest_route=\/wp\/v2\/pages\/297\/revisions"}],"predecessor-version":[{"id":1086,"href":"https:\/\/www.tempscacree.be\/index.php?rest_route=\/wp\/v2\/pages\/297\/revisions\/1086"}],"wp:attachment":[{"href":"https:\/\/www.tempscacree.be\/index.php?rest_route=%2Fwp%2Fv2%2Fmedia&parent=297"}],"curies":[{"name":"wp","href":"https:\/\/api.w.org\/{rel}","templated":true}]}}

<h3 class="wp-block-heading has-text-align-center has-accent-color has-text-color has-link-color wp-elements-580bec2ed41d31ef1b7eef727749c9ce"><strong>Claire Feyens</strong></h3>



<div class="wp-block-media-text alignwide is-stacked-on-mobile is-image-fill-element" style="grid-template-columns:30% auto"><figure class="wp-block-media-text__media"><img loading="lazy" decoding="async" width="1024" height="964" src="http://www.tempscacree.be/wp-content/uploads/2025/08/photo-creditee-1-1024x964.png" alt="" class="wp-image-559 size-full" style="object-position:50% 50%" srcset="https://www.tempscacree.be/wp-content/uploads/2025/08/photo-creditee-1-1024x964.png 1024w, https://www.tempscacree.be/wp-content/uploads/2025/08/photo-creditee-1-300x282.png 300w, https://www.tempscacree.be/wp-content/uploads/2025/08/photo-creditee-1-768x723.png 768w, https://www.tempscacree.be/wp-content/uploads/2025/08/photo-creditee-1.png 1171w" sizes="auto, (max-width: 1024px) 100vw, 1024px" /></figure><div class="wp-block-media-text__content">
<ul class="wp-block-list">
<li class="has-accent-color has-text-color has-link-color wp-elements-3280edba9b793290bb5053c8b5b04802"><strong>Psychologue clinicienne</strong> (UCL) depuis 2011.</li>



<li class="has-accent-color has-text-color has-link-color wp-elements-398c236c176b8084eb3a43f5eb7938f7">Pratiquant la <strong>méditation</strong> et la <strong>pleine conscience</strong> (Cycle MBSR &#8211; Emergences) depuis 2016.</li>



<li class="has-accent-color has-text-color has-link-color wp-elements-d17e6ccc49bcb4b93047b74ae7c56d3e">Utilisant des techniques issues de la <strong>thérapie humaniste</strong> et des outils d’<strong>intelligence collective</strong> (Déclic en PerspectivES) depuis 2017.</li>



<li class="has-accent-color has-text-color has-link-color wp-elements-061f24fd7e433657095b9fddf24ba176">Formée aux <strong>thérapies</strong> et interventions <strong>systémiques</strong> institutionnelles et familiales (Forestière ASBL) depuis 2018.</li>



<li class="has-accent-color has-text-color has-link-color wp-elements-6a7875e3917be225291689a676d542bd">Ayant de l&rsquo;expérience dans la <strong>facilitation </strong>et la gestion de <strong>dynamiques de groupe</strong> (Tiers-lieu Les 4 Sources et activités associées) depuis 2019.</li>



<li class="has-accent-color has-text-color has-link-color wp-elements-230e39c049b642c6af6b7dc696e2d3ce">Formée au <strong>Jeu du Tao</strong> (Université du Nous) depuis 2024.</li>
</ul>
</div></div>



<p class="has-accent-color has-text-color has-link-color wp-elements-3970d35e484ee6a1978ba6501451d35e">Je crois qu’il est fondamental de créer des espaces où expérimenter et vivre d’autres façons d’être à soi, aux autres et au Vivant.<br><br>Oser se rencontrer soi et les autres authentiquement, en profondeur, permet d&rsquo;Être pleinement et de se donner à voir tel que nous sommes réellement. Ce socle constitue une base solide pour créer un monde porté par des relations constructives au sein duquel chacun·e puisse trouver sa place et offrir son plein potentiel.</p>



<hr class="wp-block-separator has-alpha-channel-opacity"/>



<h5 class="wp-block-heading has-accent-color has-text-color has-link-color has-normal-font-size wp-elements-4cd79940735822210066937de374a9e8"><strong>Références administratives :</strong></h5>



<p class="has-text-align-left has-accent-color has-text-color has-link-color has-normal-font-size wp-elements-dbcbffc441d4e5e65424fdaa262bf33e">Visa de psychologue clinicienne du SPF Santé publique : 469995<br>Commission des psychologues : 872211552<br>Agrément Psynam : demande en cours<br>N° d&rsquo;entreprise : 0725.908.705</p>

<p>Claire Feyens Je crois qu’il est fondamental de créer des espaces où expérimenter et vivre d’autres façons d’être à soi, aux autres et au Vivant. Oser se rencontrer soi et les autres authentiquement, en profondeur, permet d&rsquo;Être pleinement et de se donner à voir tel que nous sommes réellement. Ce socle constitue une base solide [&hellip;]</p>
