{"id":472,"date":"2025-08-18T22:33:38","date_gmt":"2025-08-18T20:33:38","guid":{"rendered":"https:\/\/clairef89fe333fa9-mzbfk.wordpress.com\/?page_id=472"},"modified":"2025-11-07T22:35:59","modified_gmt":"2025-11-07T22:35:59","slug":"mentions-legales","status":"publish","type":"page","link":"https:\/\/www.tempscacree.be\/?page_id=472","title":{"rendered":"Mentions l\u00e9gales"},"content":{"rendered":"\n<p class=\"has-accent-color has-text-color has-link-color wp-elements-57e8c7c0f0764dc3666141b1f771d619\">Claire Feyens<br><a href=\"mailto:contact@tempscacree.be\">contact@tempscacree.be<\/a><\/p>\n\n\n\n<p class=\"has-accent-color has-text-color has-link-color wp-elements-83769b13d755bf5465a815963a6bc673\"><br>N\u00b0 d&rsquo;entreprise : 0725.908.705 &#8211; N\u00b0 de TVA : BE 0725.908.705<br><\/p>\n\n\n\n<p class=\"has-accent-color has-text-color has-link-color wp-elements-e97a09ee8bec5948532dc39ce7258df0\">Adresse de l&rsquo;unit\u00e9 d&rsquo;\u00e9tablissement : Avenue Slegers, 71 bo\u00eete 3 &#8211; 1200 Woluwe-Saint-Lambert<br><br>Visa de psychologue clinicienne du SPF Sant\u00e9 publique : 469995<br>Commission des psychologues : 872211552<br>Agr\u00e9ment Psynam : en cours de demande<\/p>\n\n\n\n<p class=\"has-accent-color has-text-color has-link-color wp-elements-468e0be7aebfa5bccaec7b5954bea66a\"><br><a href=\"https:\/\/www.compsy.be\/le-code-de-deontologie\">Code de d\u00e9ontologie<\/a><\/p>\n","protected":false},"excerpt":{"rendered":"<p>Claire Feyenscontact@tempscacree.be N\u00b0 d&rsquo;entreprise : 0725.908.705 &#8211; N\u00b0 de TVA : BE 0725.908.705 Adresse de l&rsquo;unit\u00e9 d&rsquo;\u00e9tablissement : Avenue Slegers, 71 bo\u00eete 3 &#8211; 1200 Woluwe-Saint-Lambert Visa de psychologue clinicienne du SPF Sant\u00e9 publique : 469995Commission des psychologues : 872211552Agr\u00e9ment Psynam : en cours de demande Code de d\u00e9ontologie<\/p>\n","protected":false},"author":1,"featured_media":0,"parent":0,"menu_order":0,"comment_status":"closed","ping_status":"closed","template":"","meta":{"footnotes":""},"class_list":["post-472","page","type-page","status-publish","hentry"],"_links":{"self":[{"href":"https:\/\/www.tempscacree.be\/index.php?rest_route=\/wp\/v2\/pages\/472","targetHints":{"allow":["GET"]}}],"collection":[{"href":"https:\/\/www.tempscacree.be\/index.php?rest_route=\/wp\/v2\/pages"}],"about":[{"href":"https:\/\/www.tempscacree.be\/index.php?rest_route=\/wp\/v2\/types\/page"}],"author":[{"embeddable":true,"href":"https:\/\/www.tempscacree.be\/index.php?rest_route=\/wp\/v2\/users\/1"}],"replies":[{"embeddable":true,"href":"https:\/\/www.tempscacree.be\/index.php?rest_route=%2Fwp%2Fv2%2Fcomments&post=472"}],"version-history":[{"count":5,"href":"https:\/\/www.tempscacree.be\/index.php?rest_route=\/wp\/v2\/pages\/472\/revisions"}],"predecessor-version":[{"id":880,"href":"https:\/\/www.tempscacree.be\/index.php?rest_route=\/wp\/v2\/pages\/472\/revisions\/880"}],"wp:attachment":[{"href":"https:\/\/www.tempscacree.be\/index.php?rest_route=%2Fwp%2Fv2%2Fmedia&parent=472"}],"curies":[{"name":"wp","href":"https:\/\/api.w.org\/{rel}","templated":true}]}}