{"id":66,"date":"2025-08-13T15:59:24","date_gmt":"2025-08-13T13:59:24","guid":{"rendered":"https:\/\/clairef89fe333fa9-mzbfk.wordpress.com\/?page_id=66"},"modified":"2026-01-20T16:37:42","modified_gmt":"2026-01-20T16:37:42","slug":"cercle-burn-out","status":"publish","type":"page","link":"https:\/\/www.tempscacree.be\/?page_id=66","title":{"rendered":"Cercle post burn-out"},"content":{"rendered":"\n<p class=\"has-accent-color has-text-color has-link-color wp-elements-31599dc1c427fd922eea7ecf5328f8b4\">Bienvenue \u00e0 toute personne en post \u00e9puisement ou post burn-out, diagnostiqu\u00e9e ou non par un\u00b7e professionnel\u00b7le de la sant\u00e9.<\/p>\n\n\n\n<p class=\"has-accent-color has-text-color has-link-color wp-elements-965c8f2613bfb3abc9061f1dcd4892ea\">Ce cycle de rencontres est con\u00e7u pour favoriser le maintien de ton \u00e9quilibre sur du long terme et augmenter les chances de faire partie des deux tiers de personnes qui \u00e9vitent une rechute dans les ann\u00e9es suivantes.<\/p>\n\n\n\n<p class=\"has-accent-color has-text-color has-link-color wp-elements-1c49f82e8a1bd02c7bfe8e5338917d7c\">Durant ce moment, tu auras l&rsquo;occasion de faire le point et partager comment cette exp\u00e9rience t&rsquo;a transform\u00e9\u00b7e : les changements de regard et de vie qu&rsquo;elle a entra\u00een\u00e9s, les forces et fragilit\u00e9s que tu en as tir\u00e9es, les enseignements que le burn-out t&rsquo;a apport\u00e9s, les signaux d&rsquo;alerte que tu peux observer, les outils que tu as trouv\u00e9s, etc.<br><\/p>\n\n\n\n<div class=\"wp-block-buttons is-content-justification-center is-layout-flex wp-container-core-buttons-is-layout-16018d1d wp-block-buttons-is-layout-flex\">\n<div class=\"wp-block-button\"><a class=\"wp-block-button__link has-background-color has-accent-background-color has-text-color has-background has-link-color wp-element-button\" href=\"https:\/\/www.tempscacree.be\/?page_id=34\">Qu&rsquo;est-ce qu&rsquo;UN CERCLE DE PAROLE ?<\/a><\/div>\n<\/div>\n\n\n\n<div class=\"wp-block-buttons is-content-justification-center is-layout-flex wp-container-core-buttons-is-layout-16018d1d wp-block-buttons-is-layout-flex\">\n<div class=\"wp-block-button\"><a class=\"wp-block-button__link has-background-color has-accent-background-color has-text-color has-background has-link-color wp-element-button\" href=\"mailto:contact@tempscacree.be\">INSCRIPTION : contact@tempscacree.be<\/a><\/div>\n<\/div>\n\n\n\n<p class=\"has-accent-color has-text-color has-link-color wp-elements-0a0c5d87264ad0969a4627164f0138b1\"><br>Processus \u00e9galement possible en <a href=\"https:\/\/www.tempscacree.be\/?page_id=31\" data-type=\"page\" data-id=\"31\">accompagnement individuel<\/a>.<\/p>\n\n\n\n<hr class=\"wp-block-separator has-text-color has-accent-color has-alpha-channel-opacity has-accent-background-color has-background\"\/>\n\n\n\n<h5 class=\"wp-block-heading has-accent-color has-text-color has-link-color wp-elements-e9ca7d9e633f27da1ec7e5b4566af171\"><strong>Informations pratiques<\/strong><\/h5>\n\n\n\n<div class=\"wp-block-group is-nowrap is-layout-flex wp-container-core-group-is-layout-ad2f72ca wp-block-group-is-layout-flex\">\n<p><a href=\"https:\/\/clairef89fe333fa9-mzbfk.wordpress.com\/wp-admin\/edit.php?post_type=page\"><\/a><\/p>\n\n\n\n<ul class=\"wp-block-list\">\n<li class=\"has-accent-color has-text-color has-link-color wp-elements-e94616aeb4333350c7c620eaf56ac2ef\"><strong>Lieu<\/strong> : <a href=\"https:\/\/www.tempscacree.be\/?page_id=637\" data-type=\"page\" data-id=\"637\">rue du Cerisier, 4A &#8211; 5530 Yvoir<\/a> (parking \u00e0 50 m\u00e8tres), dans une yourte<\/li>\n\n\n\n<li class=\"has-accent-color has-text-color has-link-color wp-elements-af1fc170e6467705d822757d70dc3c84\"><strong>Engagement <\/strong>pour<strong> 4 mercredis de 19h30 \u00e0 21h30<\/strong> <strong> <\/strong>:\n<ul class=\"wp-block-list\">\n<li>pas de dates pr\u00e9vues pour le moment<\/li>\n<\/ul>\n<\/li>\n\n\n\n<li class=\"has-accent-color has-text-color has-link-color wp-elements-5dc904abd42819d53548754fb492d1ee\"><strong>\u00c0 emporter <\/strong>: \n<ul class=\"wp-block-list\">\n<li>de quoi te sentir confortablement assis\u00b7e (zafus et tapis de yoga \u00e0 disposition)<\/li>\n\n\n\n<li>boisson\/encas si tu en as besoin<\/li>\n<\/ul>\n<\/li>\n\n\n\n<li class=\"has-accent-color has-text-color has-link-color wp-elements-ee04418cb6880ca700918d16405af2c1\"><strong>Tarif<\/strong> : 120\u20ac pour les 4 soir\u00e9es (\u00e0 r\u00e9gler lors de la premi\u00e8re rencontre)<\/li>\n\n\n\n<li class=\"has-accent-color has-text-color has-link-color wp-elements-7e64c07b6c2d15b28ba7f081af8c86d6\"><strong>Nombre<\/strong> de participant\u00b7e\u00b7s (adultes) : min. 4 &#8211; max. 7<\/li>\n\n\n\n<li class=\"has-accent-color has-text-color has-link-color wp-elements-3b0f224289b89a6e1f88707210c930e0\"><strong>Propos\u00e9 par <\/strong>: <a href=\"https:\/\/clairef89fe333fa9-mzbfk.wordpress.com\/a-propos\/\">Claire Feyens<\/a><\/li>\n<\/ul>\n<\/div>\n","protected":false},"excerpt":{"rendered":"<p>Bienvenue \u00e0 toute personne en post \u00e9puisement ou post burn-out, diagnostiqu\u00e9e ou non par un\u00b7e professionnel\u00b7le de la sant\u00e9. Ce cycle de rencontres est con\u00e7u pour favoriser le maintien de ton \u00e9quilibre sur du long terme et augmenter les chances de faire partie des deux tiers de personnes qui \u00e9vitent une rechute dans les ann\u00e9es [&hellip;]<\/p>\n","protected":false},"author":1,"featured_media":0,"parent":0,"menu_order":0,"comment_status":"closed","ping_status":"closed","template":"","meta":{"footnotes":""},"class_list":["post-66","page","type-page","status-publish","hentry"],"_links":{"self":[{"href":"https:\/\/www.tempscacree.be\/index.php?rest_route=\/wp\/v2\/pages\/66","targetHints":{"allow":["GET"]}}],"collection":[{"href":"https:\/\/www.tempscacree.be\/index.php?rest_route=\/wp\/v2\/pages"}],"about":[{"href":"https:\/\/www.tempscacree.be\/index.php?rest_route=\/wp\/v2\/types\/page"}],"author":[{"embeddable":true,"href":"https:\/\/www.tempscacree.be\/index.php?rest_route=\/wp\/v2\/users\/1"}],"replies":[{"embeddable":true,"href":"https:\/\/www.tempscacree.be\/index.php?rest_route=%2Fwp%2Fv2%2Fcomments&post=66"}],"version-history":[{"count":37,"href":"https:\/\/www.tempscacree.be\/index.php?rest_route=\/wp\/v2\/pages\/66\/revisions"}],"predecessor-version":[{"id":1089,"href":"https:\/\/www.tempscacree.be\/index.php?rest_route=\/wp\/v2\/pages\/66\/revisions\/1089"}],"wp:attachment":[{"href":"https:\/\/www.tempscacree.be\/index.php?rest_route=%2Fwp%2Fv2%2Fmedia&parent=66"}],"curies":[{"name":"wp","href":"https:\/\/api.w.org\/{rel}","templated":true}]}}